e -j*w = -48 - 32. Calculate the greatest common factor of 4 and w.
4
Suppose -4*r = -94 - 374. Let b = r - 82. Let s be (7/5)/(21/5 - 4). Calculate the greatest common factor of b and s.
7
Let k(p) be the third derivative of 5*p**4/8 + 6*p**3 + 237*p**2. Let h be k(-2). Calculate the highest common factor of h and 24.
6
Suppose h - 22 = 3. Suppose 4*u = h + 39. Suppose 0 = 48*f - 55*f + 784. Calculate the highest common divisor of f and u.
16
Let q(g) = -178*g - 2. Suppose 3*r = 5*r, 0 = -5*j + 5*r - 35. Let k be 2*((-35)/(-10))/j. Let d be q(k). Calculate the highest common divisor of d and 16.
16
Suppose -2*t = 4*q - 306, -360*t + 363*t + 225 = 3*q. What is the highest common factor of q and 32?
4
Let n(m) = m + 74. Let j be n(0). Let k = -183348 + 183422. Calculate the highest common divisor of j and k.
74
Let m = -40786 - -40861. What is the highest common factor of 8800 and m?
25
Let t(d) = 6*d**2 - 96*d + 2859. Let k be t(37). Calculate the highest common factor of k and 69.
69
Suppose -4*r + 33 = -11. Let p = -181 - -198. Suppose -4*j + p = -r. What is the highest common factor of j and 49?
7
Let b = -65 + 146. Suppose -b + 9 = -9*v. What is the highest common factor of v and 68?
4
Let f be ((-10)/12)/(13/(-468)). Calculate the highest common divisor of f and 1130.
10
Let b be (14/10 - -1)*180/192*8. Let y be 2/5 + 48/5. Calculate the highest common divisor of y and b.
2
Suppose -2695*n + 2697*n - 396 = 0. What is the highest common divisor of n and 110?
22
Let d(j) = 10*j - 105. Let s be d(11). Let k(c) = 5*c**2 - c + 24. Let r be k(s). Calculate the greatest common factor of r and 18.
18
Suppose 28 = 3*s + 19. Let l(h) = -25*h + 15*h**2 - 18 + 6 + h**s - 10*h. Let n be l(-17). What is the greatest common factor of 5 and n?
5
Suppose x + 123 = 6*x + 4*t, -5*x + 7*t + 156 = 0. Calculate the highest common factor of x and 14346.
9
Suppose 15*m + 48 - 18 = 0. Let l be (m - (-116)/6) + 4/6. Calculate the greatest common factor of l and 9.
9
Suppose -z + 301 = -5*v, -15*z + 10*z = 5*v - 1475. Let q = 12 - -25. What is the highest common factor of q and z?
37
Suppose 0 = -91*z + 83*z - 304. Let j = 98 + z. What is the greatest common factor of j and 540?
60
Let u(i) = 4*i**2 + 5*i + 304. Let l be u(-19). What is the greatest common divisor of l and 870?
87
Let h(r) = -2*r. Let n be h(-1). Suppose 3*y = a + 14, 6*a = 2*y + 9*a - 2. Suppose -357*l + y = -353*l. Calculate the greatest common factor of l and n.
1
Let c = -14695 - -14805. Calculate the greatest common divisor of 320 and c.
10
Suppose 0 = 13*z - 6*z - 448. Let o = 183 - z. Suppose -3*p + 93 = 2*n, -5*n = -4*p - o - 79. Calculate the greatest common factor of n and 28.
14
Let l = 9654 + -9618. Calculate the highest common factor of 948 and l.
12
Let q be (-54)/(-12)*8/(-6) + 2. Let g be 18 + -4*1/q - 1. Let k(i) = -i + 32. Let s be k(g). Calculate the highest common factor of s and 98.
14
Let c = 163 + -68. Let v = 99 - c. Calculate the greatest common factor of v and 148.
4
Suppose -25 = 5*s, -4*s + 857 + 2411 = 3*m. Calculate the greatest common divisor of m and 2.
2
Suppose -7*d - 2*d + 45 = 0. Suppose -d*v = 166 - 6656. What is the highest common divisor of 22 and v?
22
Let s be (26/169 - 1634/(-26)) + 6/3. What is the highest common factor of 533 and s?
13
Let q = 1134 - 926. Calculate the greatest common factor of 169 and q.
13
Let o = 23966 - 22695. What is the greatest common factor of o and 124?
31
Let j(u) = 2*u**2 - 10*u - 95. Let z be j(-14). What is the highest common factor of 760 and z?
19
Let n = 75 - 72. Suppose 0 = n*b + 13*b - 2432. Calculate the highest common factor of b and 76.
76
Let g = -30 - -38. Let f be 121/4 + (-2)/g. Let i = 13 + f. What is the greatest common divisor of i and 344?
43
Let d = -466 - -581. What is the greatest common divisor of d and 713?
23
Suppose 177 = 3*v - 0*v - 5*i, 0 = 3*v - i - 201. Let j be 96 + ((-1)/1 - -2). Let z = j - v. What is the highest common factor of z and 21?
7
Suppose 5*h - 2*k = 3548 + 4202, -k + 7750 = 5*h. What is the highest common factor of h and 1178?
62
Let g be (3/5)/(22/3190). Let y = 117 - g. What is the greatest common divisor of 50 and y?
10
Let b = 79 - 58. Let z be 2 + (b - (-1 + -2 + 1)). What is the greatest common factor of z and 225?
25
Suppose -16*p + 21*p - 420 = 0. Let r = 1018 + 12. Suppose -815 = -4*h + 5*y, -5*h + 5*y = y - r. Calculate the highest common divisor of p and h.
42
Suppose -4*c = -187 - 73. Suppose 5*s = -8*w + 3*w - c, 15 = -3*w. Let o(q) = -20*q - 35. Let a be o(s). What is the highest common divisor of 50 and a?
25
Let c = -309 + 332. Let d = -869 - -1812. Calculate the greatest common divisor of d and c.
23
Suppose 4*r = 3*u - 3, -6*u - r + 13 = -4*u. Suppose -u*s - b = -61, 15*b - 34 = -3*s + 17*b. Calculate the highest common factor of s and 28.
4
Let o = -409 + 416. Suppose 1513 - 281 = o*m. Let g be (-4)/(1 + (-5)/4). What is the highest common divisor of m and g?
16
Suppose 470 = 5*n - 5*h, -5*h + 2*h + 90 = n. Let r = n - 69. Suppose 4*z - 24 = -0*z. What is the greatest common divisor of r and z?
6
Let o(q) = 1165*q - 719. Let m be o(2). What is the highest common factor of 117 and m?
9
Let y(b) = b**3 + 24*b**2 + 60*b + 21. Let d be ((-20)/4 - 37)/2. Let v be y(d). Calculate the highest common factor of v and 63.
21
Let u = -2280 - -2388. What is the greatest common factor of 948 and u?
12
Let u = 7302 + -7222. Suppose 0 = p - 0*p - 10. Calculate the greatest common factor of u and p.
10
Let g = -69 - -157. Let p(y) = -2*y**2 + 54*y - 288. Let t be p(8). What is the greatest common factor of t and g?
8
Let x(b) = b**3 - 19*b**2 + 15*b + 59. Let p be x(18). Suppose 186 = p*j + 41. Calculate the greatest common divisor of 261 and j.
29
Let w = -4676 + 4964. Calculate the greatest common factor of w and 256.
32
Let a(p) = 36*p + 4777. Let r be a(-67). What is the greatest common factor of r and 3655?
215
Suppose -5*s - 40660 = -5*z, z = 4*s + 4709 + 3411. Calculate the highest common divisor of z and 288.
72
Suppose 0 = 4*g - 3*c - 12, 0 = -3*g - 0*g + 4*c + 9. Suppose -12 = -g*i + 7*i. Let h be (6/i)/((-10)/2145). Calculate the greatest common factor of 39 and h.
39
Let u(f) be the second derivative of f**4/6 - 29*f**3/3 - 33*f**2/2 - 15*f. Let m be u(31). Calculate the greatest common factor of 7 and m.
7
Let j = 278 - 126. Suppose 0 = -18*r + 10*r + j. What is the highest common factor of 589 and r?
19
Let i(v) = 4*v**3 + 8*v**2 - 13*v + 4. Let r be 2/(-6) + 28/12. Let y be i(r). What is the highest common factor of y and 28?
14
Let k = -4 - -17. Let b = 303196 + -303183. Calculate the greatest common factor of k and b.
13
Let b = 2430 + -615. Calculate the greatest common factor of b and 660.
165
Let v = -1610 + 1652. Calculate the greatest common divisor of 1701 and v.
21
Let s = 231 + -245. Let x(u) = u**3 + 16*u**2 - u - 68. Let a be x(s). Calculate the greatest common factor of a and 26.
26
Suppose -p + 2212 = -4*n, -p = -2*p. Let m = n - -565. What is the highest common divisor of 27 and m?
3
Suppose 0 = 39*w - 43*w + 72. Let u = w + 103. Calculate the highest common factor of u and 22.
11
Let k(x) = 2*x - 11. Let p be k(17). Suppose 26*t - p*t = 144. Calculate the greatest common factor of 120 and t.
24
Suppose -2*f + 19 = 7. Suppose 16*i - 12*i + 48 = 0. Let r(u) = -2*u**2 - 30*u - 6. Let m be r(i). Calculate the highest common divisor of m and f.
6
Let w(f) = -3*f**3 - 35*f - 286. Let j be w(-4). Suppose 4*m - 515 = 497. Calculate the greatest common factor of j and m.
23
Suppose -26*t = -5*p - 25*t + 136, -t + 144 = 5*p. Calculate the highest common divisor of p and 1134.
14
Suppose 0 = -4*p - 2997 + 10169. Calculate the greatest common divisor of 99 and p.
11
Let p = 3382 - 246. Calculate the highest common divisor of 832 and p.
64
Let v = -11737 - -11773. What is the highest common divisor of v and 273?
3
Let u(f) = -f**3 + 7. Let s be u(0). Let a(z) = -87 + 2*z + 103 + 20*z + 7*z - 3*z. Let t be a(s). What is the greatest common factor of 22 and t?
22
Suppose 20*w + 268 = 16*w. Let a = -74 - w. Let m(p) = -2*p**3 - 10*p**2 - 8*p - 21. Let b be m(a). Calculate the highest common factor of b and 21.
21
Suppose 0 = 4*s + 3*s + 140. Let k = -9 - s. Let 